culate the remainder when a is divided by g.
6
Let g = -36 - -39. Suppose 2*p - 180 = -g*p. Calculate the remainder when 105 is divided by p.
33
Let i(r) = r + 53. What is the remainder when i(18) is divided by 34?
3
Let r(c) = -16*c + 6. Let z be r(-5). Let n = z + 44. What is the remainder when n is divided by 33?
31
Let d(a) = -12*a + 67. Let t be 385/4 + 2/(-8). Suppose -3*j = -0*j - t. Calculate the remainder when j is divided by d(5).
4
Suppose 0 = -214*r + 217*r - 441. Calculate the remainder when r is divided by 22.
15
Let z(b) be the third derivative of 13*b**4/24 - 5*b**2. Let r(l) = -l**2 - 15*l - 16. Calculate the remainder when z(3) is divided by r(-13).
9
Let j(y) = 9*y - 9. Let v be j(6). Let m = -3 + 5. Suppose w = -m*w + v. What is the remainder when 29 is divided by w?
14
What is the remainder when 464*(1 - 12/16)*2 is divided by 6?
4
Let h(d) = -d**2 + d + 63. Calculate the remainder when h(0) is divided by 16.
15
Let b(v) = 3*v**2 - 3*v + 10. Calculate the remainder when 69 is divided by b(3).
13
Let p be -2 + ((-16)/(-4) - -1). What is the remainder when 6 is divided by (-1)/(-2 - (-5)/p)?
0
Suppose 24*z + 421 = 1501. What is the remainder when 234 is divided by z?
9
Suppose 4*d - 21 = -3*x + 9*d, 0 = -3*d. What is the remainder when 65 is divided by x?
2
Suppose 10 = j - 4*p - 5, 4*j = -4*p + 100. What is the remainder when 848 is divided by j?
20
Let f(n) = -2*n**3 + 39*n**2 - 16*n - 43. Calculate the remainder when 2379 is divided by f(19).
13
Let p = -402 - -417. Calculate the remainder when 48 is divided by p.
3
Suppose -4*m + 5*n = -23, 3*m = 8*n - 3*n + 21. Suppose -m*k = -4*k + 114. What is the remainder when 73 is divided by (k/2)/(48/32)?
16
Calculate the remainder when 21 + 24/((-21)/7) is divided by 3.
1
Let v(z) = 3*z + 41. What is the remainder when v(11) is divided by 15?
14
Suppose 312 = -f + 9*f. Calculate the remainder when 269 is divided by f.
35
Suppose -30*c = -16*c - 8610. What is the remainder when c is divided by 11?
10
Let v(n) = 3*n + 28. What is the remainder when v(-7) is divided by 4?
3
Suppose 0 = -21*f - 11*f + 1344. What is the remainder when f is divided by 15?
12
Suppose -5*f + 100 = 5*b - 15, 0 = -f + 3*b + 19. Calculate the remainder when f is divided by 6.
4
Let l be 0*(-3)/(-6)*-2. Suppose -5*c + 8 + 7 = l. Suppose -c*w = -s - 41 - 6, 4*w - 76 = -2*s. Calculate the remainder when 32 is divided by w.
15
Suppose -10*j - 6 = y - 20, -5*y - 3*j + 70 = 0. What is the remainder when (6/(-8))/(3/(-276)) is divided by y?
13
Suppose 2 = -h + 2*h. Suppose h*d = -10 + 44. Calculate the remainder when -1 + 6/(-9)*-102 is divided by d.
16
Let j = -9 + 1. What is the remainder when (-6)/(-9)*(26 + j) is divided by 3?
0
Let c = -3 + 0. Let r = 18 - c. Let l = 60 - 54. Calculate the remainder when r is divided by l.
3
Let n(t) = 3*t - 9. Let w be n(11). Suppose 0 = 4*i - 20, -2*y + 3*i = -23 - w. Suppose 0 = 6*p - y - 335. Calculate the remainder when p is divided by 21.
19
Suppose -5*w = -7*w + 18. Let r be ((-40)/(-16))/(1/6). Suppose 0 = -m + r + 9. Calculate the remainder when m is divided by w.
6
Let x = 22 - 40. Let b(i) = -6*i - 7. Let n be b(5). Let s = x - n. Calculate the remainder when 36 is divided by s.
17
Suppose -3*z = -2*r + 10, 0 = -2*r - 5*z - 8 + 2. Suppose -r*k - k = -3. Suppose k = -0*i + i. Calculate the remainder when i is divided by 1.
0
Suppose -2*q - 3*r = -10, -q + 3*q - 5*r = 10. Suppose 0 = 3*b - 2*y - y - 30, -q*y = -3*b + 38. What is the remainder when 30 is divided by (b/4)/(3/16)?
6
Let s = 35 + -28. Let p = 40 + -14. What is the remainder when p is divided by s?
5
Let d(s) = -s**2 - 12*s - 9. Let a be (2 + (-36)/10)/(2/10). What is the remainder when 67 is divided by d(a)?
21
Suppose 533 - 91 = 26*o. Let i = 2 + 11. Calculate the remainder when o is divided by i.
4
Let i(n) = 17*n**3 - 1. Let o(p) = p - 1. Let z be o(2). Suppose -v + 16 + 47 = 0. What is the remainder when v is divided by i(z)?
15
Suppose -11*w - 4 = -48. Suppose -3*y = w*y - 63. Calculate the remainder when 11 is divided by y.
2
Suppose 41 = 4*m + 3*l, -5*m = -2*l - 3*l - 95. Let d(p) = -p**2 + 24*p - 20. What is the remainder when d(m) is divided by 31?
27
Suppose -96*x + 83*x = -195. What is the remainder when 141 is divided by x?
6
Let n(t) = -2*t + 104. What is the remainder when 68 is divided by n(37)?
8
Suppose 12*x - 61*x + 490 = 0. What is the remainder when 86 is divided by x?
6
Let j be (-3)/((-45)/3198) + 1/(-5). Let u = j + -125. Calculate the remainder when u is divided by 23.
19
Let y be (-2 - 2/(-1))/(-1). Suppose -3*w - 3*g + 159 = 0, 3*w - g - 87 - 56 = y. Let o = -54 - -64. Calculate the remainder when w is divided by o.
9
Let x = 1612 + -1447. What is the remainder when x is divided by 71?
23
What is the remainder when -10*(-2)/((-4)/(-3)) is divided by 4?
3
Let y(r) = -191*r**3 + 2*r**2 + 2*r - 3. Let k be y(1). Let h = k - -344. Calculate the remainder when h is divided by 26.
24
Let l = 344 + -250. What is the remainder when l is divided by 19?
18
Suppose 2*c - i = 6*c - 190, 0 = i + 2. Suppose -c*r - 96 = -52*r. Suppose 2*l + 2*t - 8 = 0, 3*t = -4*l + 16 + 1. What is the remainder when r is divided by l?
4
Suppose 0*c + 4*c - 3*p = 9, -4*c + 4*p + 4 = 0. Let o = -20 + 25. Calculate the remainder when 2 is divided by (o - c)/((-1)/1).
0
Let k(l) = 4*l**2 + 4*l - 7. Let o be (-105)/2*2/(-3). Let m = -32 + o. What is the remainder when k(m) is divided by 11?
8
Suppose 0 = -28*z + 25*z - 108. Calculate the remainder when 16 is divided by 70/15*(-3 + z/(-8)).
2
Let r be 3 + (-14)/4 - (-884)/8. Let s = -103 + r. Calculate the remainder when 54 is divided by s.
5
Suppose 0 = -2*x - 0*x. Suppose -f - 182 = -3*q, 3*q + 2*f + 0*f - 176 = x. What is the remainder when q is divided by 21?
18
Let s(q) = 43*q - 627. Calculate the remainder when s(22) is divided by 64.
63
Suppose -3*k + 693 = -0*k. What is the remainder when 115 is divided by k/6 + (-2 - (-7)/2)?
35
Calculate the remainder when 4824/96*(-4)/(-1) is divided by 108.
93
Let x = -164 + 279. What is the remainder when x is divided by 13/((-182)/(-84)) + (-1 - -12)?
13
Calculate the remainder when 732 is divided by (-41249)/(-334) + 1/(-2).
117
What is the remainder when (-170)/(5 - (16 - 9)) is divided by 22?
19
Suppose -6*f + 26 + 64 = 0. Calculate the remainder when 3014 is divided by f.
14
Suppose -70*c - m + 733 = -67*c, 5 = -m. What is the remainder when c is divided by 40?
6
Let a be 9/12 + (-41)/(-4). Suppose -4*n - 2*t + 40 = 0, 3*t - 28 = -3*n + t. Let v = n - a. What is the remainder when 3 is divided by v?
0
Let i be 2/6*(11 - -4). Suppose -2*v + 62 = -3*o, 3*v - i*v = -o - 54. Calculate the remainder when v is divided by 9.
7
Let l(n) = 2*n - 8. Let o be 6 - 3 - -3 - -4. Calculate the remainder when 45 is divided by l(o).
9
Calculate the remainder when 51 is divided by (-12)/28 - (-660)/21.
20
Suppose -1057 = -2*s + 135. Suppose 0 = 14*q - 10*q - s. Let o = q + -72. Calculate the remainder when o is divided by 16.
13
Suppose -17 = -3*v - 2*x + 43, -3*x = 0. Suppose v*f = 21*f - 26. What is the remainder when 232 is divided by f?
24
Suppose 9*m = -11*m + 1120. Calculate the remainder when m is divided by 15.
11
Let h(d) = d**3 + 8*d**2 - 14*d - 18. What is the remainder when (-2)/(-8) - (21978/(-24))/9 is divided by h(-9)?
21
Let u = -233 - -252. Calculate the remainder when 49 is divided by u.
11
Suppose -4*p - 2*g + 1168 = p, 2*g = -p + 240. What is the remainder when p is divided by 26?
24
Let z be (189/126)/(-1*(-3)/10). Suppose 12*i = z*i + 329. What is the remainder when i is divided by 7?
5
Let o be (20/6)/(10/(-315)*-3). Suppose -2*a + o = u, -56 = -u + 3*a - 6. What is the remainder when u is divided by 14 - (-2 + 4/2)?
13
Let i = 41 + -10. Suppose l - i = 5*g, -11 = -g + 2*g - 5*l. Let r(k) = k**3 + 9*k**2 + 7*k - 4. What is the remainder when r(g) is divided by 21?
20
Let z(v) = -v - 32. Let i(r) = -2*r - 95. Let u(d) = -3*i(d) + 8*z(d). What is the remainder when 114 is divided by u(0)?
27
Let f = 21 + -17. Suppose 0 = -f*n + q + 71, 2*n + n + 2*q = 45. Calculate the remainder when 64 is divided by n.
13
Let r(s) = 7*s**2 + 6*s + 5. Suppose -2*x + 46 = -4*j - 0*j, 55 = 2*x + 5*j. What is the remainder w